{"id":183,"date":"2013-10-26T17:29:14","date_gmt":"2013-10-26T15:29:14","guid":{"rendered":"http:\/\/komornik12.elnight.pl\/?page_id=183"},"modified":"2013-10-26T17:29:14","modified_gmt":"2013-10-26T15:29:14","slug":"komorknik-walcz-i-pila-kancelaria-komornicza-walcz-biuro-komornika-w-walczu","status":"publish","type":"page","link":"http:\/\/komornik12.elnight.pl\/?page_id=183","title":{"rendered":"Komorknik Wa\u0142cz i Pi\u0142a kancelaria komornicza Wa\u0142cz biuro komornika w Wa\u0142czu"},"content":{"rendered":"<p><!-- ddsitemapgen --><\/p>\n","protected":false},"excerpt":{"rendered":"","protected":false},"author":1,"featured_media":0,"parent":0,"menu_order":0,"comment_status":"closed","ping_status":"open","template":"","meta":{"footnotes":""},"yoast_head":"<!-- This site is optimized with the Yoast SEO plugin v22.4 - https:\/\/yoast.com\/wordpress\/plugins\/seo\/ -->\n<title>Komorknik Wa\u0142cz i Pi\u0142a kancelaria komornicza Wa\u0142cz biuro komornika w Wa\u0142czu - Komornicy Wa\u0142cz Kancelarie Komornicze Wa\u0142cz Komornik Wa\u0142cz Pi\u0142a<\/title>\n<meta name=\"robots\" content=\"index, follow, max-snippet:-1, max-image-preview:large, max-video-preview:-1\" \/>\n<link rel=\"canonical\" href=\"http:\/\/komornik12.elnight.pl\/?page_id=183\" \/>\n<meta property=\"og:locale\" content=\"pl_PL\" \/>\n<meta property=\"og:type\" content=\"article\" \/>\n<meta property=\"og:title\" content=\"Komorknik Wa\u0142cz i Pi\u0142a kancelaria komornicza Wa\u0142cz biuro komornika w Wa\u0142czu - Komornicy Wa\u0142cz Kancelarie Komornicze Wa\u0142cz Komornik Wa\u0142cz Pi\u0142a\" \/>\n<meta property=\"og:url\" content=\"http:\/\/komornik12.elnight.pl\/?page_id=183\" \/>\n<meta property=\"og:site_name\" content=\"Komornicy Wa\u0142cz Kancelarie Komornicze Wa\u0142cz Komornik Wa\u0142cz Pi\u0142a\" \/>\n<meta name=\"twitter:card\" content=\"summary_large_image\" \/>\n<script type=\"application\/ld+json\" class=\"yoast-schema-graph\">{\"@context\":\"https:\/\/schema.org\",\"@graph\":[{\"@type\":\"WebPage\",\"@id\":\"http:\/\/komornik12.elnight.pl\/?page_id=183\",\"url\":\"http:\/\/komornik12.elnight.pl\/?page_id=183\",\"name\":\"Komorknik Wa\u0142cz i Pi\u0142a kancelaria komornicza Wa\u0142cz biuro komornika w Wa\u0142czu - Komornicy Wa\u0142cz Kancelarie Komornicze Wa\u0142cz Komornik Wa\u0142cz Pi\u0142a\",\"isPartOf\":{\"@id\":\"http:\/\/komornik12.elnight.pl\/#website\"},\"datePublished\":\"2013-10-26T15:29:14+00:00\",\"dateModified\":\"2013-10-26T15:29:14+00:00\",\"breadcrumb\":{\"@id\":\"http:\/\/komornik12.elnight.pl\/?page_id=183#breadcrumb\"},\"inLanguage\":\"pl-PL\",\"potentialAction\":[{\"@type\":\"ReadAction\",\"target\":[\"http:\/\/komornik12.elnight.pl\/?page_id=183\"]}]},{\"@type\":\"BreadcrumbList\",\"@id\":\"http:\/\/komornik12.elnight.pl\/?page_id=183#breadcrumb\",\"itemListElement\":[{\"@type\":\"ListItem\",\"position\":1,\"name\":\"Strona g\u0142\u00f3wna\",\"item\":\"http:\/\/komornik12.elnight.pl\/\"},{\"@type\":\"ListItem\",\"position\":2,\"name\":\"Komorknik Wa\u0142cz i Pi\u0142a kancelaria komornicza Wa\u0142cz biuro komornika w Wa\u0142czu\"}]},{\"@type\":\"WebSite\",\"@id\":\"http:\/\/komornik12.elnight.pl\/#website\",\"url\":\"http:\/\/komornik12.elnight.pl\/\",\"name\":\"Komornicy Wa\u0142cz Kancelarie Komornicze Wa\u0142cz Komornik Wa\u0142cz Pi\u0142a\",\"description\":\"Znajdz Komornika w Wa\u0142czu! Kancelaria komornicza Wa\u0142cz oraz biuro komornika s\u0105dowego w Wa\u0142czu. Komornik Wa\u0142cz komornik Pi\u0142a\",\"potentialAction\":[{\"@type\":\"SearchAction\",\"target\":{\"@type\":\"EntryPoint\",\"urlTemplate\":\"http:\/\/komornik12.elnight.pl\/?s={search_term_string}\"},\"query-input\":\"required name=search_term_string\"}],\"inLanguage\":\"pl-PL\"}]}<\/script>\n<!-- \/ Yoast SEO plugin. -->","yoast_head_json":{"title":"Komorknik Wa\u0142cz i Pi\u0142a kancelaria komornicza Wa\u0142cz biuro komornika w Wa\u0142czu - Komornicy Wa\u0142cz Kancelarie Komornicze Wa\u0142cz Komornik Wa\u0142cz Pi\u0142a","robots":{"index":"index","follow":"follow","max-snippet":"max-snippet:-1","max-image-preview":"max-image-preview:large","max-video-preview":"max-video-preview:-1"},"canonical":"http:\/\/komornik12.elnight.pl\/?page_id=183","og_locale":"pl_PL","og_type":"article","og_title":"Komorknik Wa\u0142cz i Pi\u0142a kancelaria komornicza Wa\u0142cz biuro komornika w Wa\u0142czu - Komornicy Wa\u0142cz Kancelarie Komornicze Wa\u0142cz Komornik Wa\u0142cz Pi\u0142a","og_url":"http:\/\/komornik12.elnight.pl\/?page_id=183","og_site_name":"Komornicy Wa\u0142cz Kancelarie Komornicze Wa\u0142cz Komornik Wa\u0142cz Pi\u0142a","twitter_card":"summary_large_image","schema":{"@context":"https:\/\/schema.org","@graph":[{"@type":"WebPage","@id":"http:\/\/komornik12.elnight.pl\/?page_id=183","url":"http:\/\/komornik12.elnight.pl\/?page_id=183","name":"Komorknik Wa\u0142cz i Pi\u0142a kancelaria komornicza Wa\u0142cz biuro komornika w Wa\u0142czu - Komornicy Wa\u0142cz Kancelarie Komornicze Wa\u0142cz Komornik Wa\u0142cz Pi\u0142a","isPartOf":{"@id":"http:\/\/komornik12.elnight.pl\/#website"},"datePublished":"2013-10-26T15:29:14+00:00","dateModified":"2013-10-26T15:29:14+00:00","breadcrumb":{"@id":"http:\/\/komornik12.elnight.pl\/?page_id=183#breadcrumb"},"inLanguage":"pl-PL","potentialAction":[{"@type":"ReadAction","target":["http:\/\/komornik12.elnight.pl\/?page_id=183"]}]},{"@type":"BreadcrumbList","@id":"http:\/\/komornik12.elnight.pl\/?page_id=183#breadcrumb","itemListElement":[{"@type":"ListItem","position":1,"name":"Strona g\u0142\u00f3wna","item":"http:\/\/komornik12.elnight.pl\/"},{"@type":"ListItem","position":2,"name":"Komorknik Wa\u0142cz i Pi\u0142a kancelaria komornicza Wa\u0142cz biuro komornika w Wa\u0142czu"}]},{"@type":"WebSite","@id":"http:\/\/komornik12.elnight.pl\/#website","url":"http:\/\/komornik12.elnight.pl\/","name":"Komornicy Wa\u0142cz Kancelarie Komornicze Wa\u0142cz Komornik Wa\u0142cz Pi\u0142a","description":"Znajdz Komornika w Wa\u0142czu! Kancelaria komornicza Wa\u0142cz oraz biuro komornika s\u0105dowego w Wa\u0142czu. Komornik Wa\u0142cz komornik Pi\u0142a","potentialAction":[{"@type":"SearchAction","target":{"@type":"EntryPoint","urlTemplate":"http:\/\/komornik12.elnight.pl\/?s={search_term_string}"},"query-input":"required name=search_term_string"}],"inLanguage":"pl-PL"}]}},"_links":{"self":[{"href":"http:\/\/komornik12.elnight.pl\/index.php?rest_route=\/wp\/v2\/pages\/183"}],"collection":[{"href":"http:\/\/komornik12.elnight.pl\/index.php?rest_route=\/wp\/v2\/pages"}],"about":[{"href":"http:\/\/komornik12.elnight.pl\/index.php?rest_route=\/wp\/v2\/types\/page"}],"author":[{"embeddable":true,"href":"http:\/\/komornik12.elnight.pl\/index.php?rest_route=\/wp\/v2\/users\/1"}],"replies":[{"embeddable":true,"href":"http:\/\/komornik12.elnight.pl\/index.php?rest_route=%2Fwp%2Fv2%2Fcomments&post=183"}],"version-history":[{"count":1,"href":"http:\/\/komornik12.elnight.pl\/index.php?rest_route=\/wp\/v2\/pages\/183\/revisions"}],"predecessor-version":[{"id":184,"href":"http:\/\/komornik12.elnight.pl\/index.php?rest_route=\/wp\/v2\/pages\/183\/revisions\/184"}],"wp:attachment":[{"href":"http:\/\/komornik12.elnight.pl\/index.php?rest_route=%2Fwp%2Fv2%2Fmedia&parent=183"}],"curies":[{"name":"wp","href":"https:\/\/api.w.org\/{rel}","templated":true}]}}